{"id":2699,"date":"2025-07-25T00:53:58","date_gmt":"2025-07-25T00:53:58","guid":{"rendered":"https:\/\/alienskaab.com\/?page_id=2699"},"modified":"2026-01-08T01:09:03","modified_gmt":"2026-01-08T01:09:03","slug":"explosion-solar","status":"publish","type":"page","link":"https:\/\/alienskaab.com\/index.php\/explosion-solar\/","title":{"rendered":"EXPLOSI\u00d3N SOLAR"},"content":{"rendered":"\t\t<div data-elementor-type=\"wp-page\" data-elementor-id=\"2699\" class=\"elementor elementor-2699\" data-elementor-settings=\"{&quot;ha_cmc_init_switcher&quot;:&quot;no&quot;}\">\n\t\t\t\t<div class=\"elementor-element elementor-element-7a0dc46 e-flex e-con-boxed elementor-invisible e-con e-parent\" data-id=\"7a0dc46\" data-element_type=\"container\" data-e-type=\"container\" data-settings=\"{&quot;background_background&quot;:&quot;classic&quot;,&quot;animation&quot;:&quot;fadeIn&quot;,&quot;_ha_eqh_enable&quot;:false}\">\n\t\t\t\t\t<div class=\"e-con-inner\">\n\t\t<div class=\"elementor-element elementor-element-849a862 e-flex e-con-boxed e-con e-child\" data-id=\"849a862\" data-element_type=\"container\" data-e-type=\"container\" data-settings=\"{&quot;_ha_eqh_enable&quot;:false}\">\n\t\t\t\t\t<div class=\"e-con-inner\">\n\t\t\t\t<div class=\"elementor-element elementor-element-d66e647 animated-slow elementor-invisible elementor-widget elementor-widget-heading\" data-id=\"d66e647\" data-element_type=\"widget\" data-e-type=\"widget\" data-settings=\"{&quot;_animation&quot;:&quot;fadeIn&quot;,&quot;_animation_delay&quot;:10}\" data-widget_type=\"heading.default\">\n\t\t\t\t<div class=\"elementor-widget-container\">\n\t\t\t\t\t<h1 class=\"elementor-heading-title elementor-size-default\">EXPLOSI\u00d3N SOLAR<\/h1>\t\t\t\t<\/div>\n\t\t\t\t<\/div>\n\t\t<div class=\"elementor-element elementor-element-6444e1e e-con-full e-flex e-con e-child\" data-id=\"6444e1e\" data-element_type=\"container\" data-e-type=\"container\" data-settings=\"{&quot;_ha_eqh_enable&quot;:false}\">\n\t\t\t\t<div class=\"elementor-element elementor-element-da6edd5 animated-slow elementor-invisible elementor-widget elementor-widget-heading\" data-id=\"da6edd5\" data-element_type=\"widget\" data-e-type=\"widget\" data-settings=\"{&quot;_animation&quot;:&quot;fadeIn&quot;,&quot;_animation_delay&quot;:10}\" data-widget_type=\"heading.default\">\n\t\t\t\t<div class=\"elementor-widget-container\">\n\t\t\t\t\t<h2 class=\"elementor-heading-title elementor-size-default\">N\u00e9ctar que fusiona frutas, flores y luz<\/h2>\t\t\t\t<\/div>\n\t\t\t\t<\/div>\n\t\t\t\t<\/div>\n\t\t\t\t\t<\/div>\n\t\t\t\t<\/div>\n\t\t\t\t\t<\/div>\n\t\t\t\t<\/div>\n\t\t<div class=\"elementor-element elementor-element-8590bdf e-flex e-con-boxed elementor-invisible e-con e-parent\" data-id=\"8590bdf\" data-element_type=\"container\" data-e-type=\"container\" data-settings=\"{&quot;animation&quot;:&quot;fadeIn&quot;,&quot;_ha_eqh_enable&quot;:false}\">\n\t\t\t\t\t<div class=\"e-con-inner\">\n\t\t<div class=\"elementor-element elementor-element-0b61fd5 e-con-full e-flex e-con e-child\" data-id=\"0b61fd5\" data-element_type=\"container\" data-e-type=\"container\" data-settings=\"{&quot;_ha_eqh_enable&quot;:false}\">\n\t\t\t\t<div class=\"elementor-element elementor-element-30094e8 elementor-invisible elementor-widget elementor-widget-text-editor\" data-id=\"30094e8\" data-element_type=\"widget\" data-e-type=\"widget\" data-settings=\"{&quot;_animation&quot;:&quot;fadeInLeft&quot;}\" data-widget_type=\"text-editor.default\">\n\t\t\t\t<div class=\"elementor-widget-container\">\n\t\t\t\t\t\t\t\t\t<p style=\"text-align: left;\" data-start=\"206\" data-end=\"637\"><span style=\"color: #333333;\">Fermentada con levaduras salvajes y sin aplicar calor, esta hidromiel despierta gracias a la energ\u00eda de la selva maya. Cada ingrediente \u2014durazno maduro, flor de jamaica vibrante y chile guajillo\u2014 se integra desde el inicio del proceso, permitiendo una fermentaci\u00f3n conjunta que exalta su car\u00e1cter explosivo. Tras 12 meses de reposo, el resultado es una bebida viva, dulce y especiada, con una personalidad ardiente pero balanceada.<\/span><\/p><p style=\"text-align: left;\" data-start=\"639\" data-end=\"953\"><span style=\"color: #333333;\"><strong><span style=\"color: #ff0000;\"><em data-start=\"639\" data-end=\"656\">Explosi\u00f3n Solar<\/em><\/span><\/strong> es un tributo al fuego que impulsa la vida, una danza entre la suavidad de la miel org\u00e1nica y la potencia de los elementos. Su perfil brillante y su textura sedosa la convierten en la compa\u00f1era perfecta para contrastes intensos, celebraciones o rituales solares donde la intensidad es bienvenida.<\/span><\/p><p style=\"text-align: left;\" data-start=\"955\" data-end=\"1088\"><span style=\"color: #333333;\"><strong data-start=\"955\" data-end=\"972\">Ingredientes:<\/strong><\/span><br data-start=\"972\" data-end=\"975\" \/><span style=\"color: #333333;\"><img decoding=\"async\" class=\"emoji\" role=\"img\" draggable=\"false\" src=\"https:\/\/s.w.org\/images\/core\/emoji\/16.0.1\/svg\/1f4a7.svg\" alt=\"\ud83d\udca7\" \/> Agua mineralizada<\/span><br data-start=\"995\" data-end=\"998\" \/><span style=\"color: #333333;\"><img decoding=\"async\" class=\"emoji\" role=\"img\" draggable=\"false\" src=\"https:\/\/s.w.org\/images\/core\/emoji\/16.0.1\/svg\/1f36f.svg\" alt=\"\ud83c\udf6f\" \/> Miel org\u00e1nica de la selva maya<\/span><br data-start=\"1031\" data-end=\"1034\" \/><span style=\"color: #333333;\"><img decoding=\"async\" class=\"emoji\" role=\"img\" draggable=\"false\" src=\"https:\/\/s.w.org\/images\/core\/emoji\/16.0.1\/svg\/1f351.svg\" alt=\"\ud83c\udf51\" \/> Durazno<\/span><br data-start=\"1044\" data-end=\"1047\" \/><span style=\"color: #333333;\"><img decoding=\"async\" class=\"emoji\" role=\"img\" draggable=\"false\" src=\"https:\/\/s.w.org\/images\/core\/emoji\/16.0.1\/svg\/1f33a.svg\" alt=\"\ud83c\udf3a\" \/> Flor de jamaica<\/span><br data-start=\"1065\" data-end=\"1068\" \/><span style=\"color: #333333;\"><img decoding=\"async\" class=\"emoji\" role=\"img\" draggable=\"false\" src=\"https:\/\/s.w.org\/images\/core\/emoji\/16.0.1\/svg\/1f336.svg\" alt=\"\ud83c\udf36\ufe0f\" \/> Chile guajillo<\/span><\/p><p style=\"text-align: left;\" data-start=\"1095\" data-end=\"1315\"><span style=\"color: #333333;\"><strong data-start=\"1095\" data-end=\"1109\"><img decoding=\"async\" class=\"emoji\" role=\"img\" draggable=\"false\" src=\"https:\/\/s.w.org\/images\/core\/emoji\/16.0.1\/svg\/1f9ec.svg\" alt=\"\ud83e\uddec\" \/> M\u00e9todo:<\/strong> Wild Fermentation (sin levaduras a\u00f1adidas)<\/span><br data-start=\"1152\" data-end=\"1155\" \/><span style=\"color: #333333;\"><strong data-start=\"1155\" data-end=\"1181\"><img decoding=\"async\" class=\"emoji\" role=\"img\" draggable=\"false\" src=\"https:\/\/s.w.org\/images\/core\/emoji\/16.0.1\/svg\/1f377.svg\" alt=\"\ud83c\udf77\" \/> Volumen alcoh\u00f3lico:<\/strong> 7%<\/span><br data-start=\"1184\" data-end=\"1187\" \/><span style=\"color: #333333;\"><strong data-start=\"1187\" data-end=\"1207\"><img decoding=\"async\" class=\"emoji\" role=\"img\" draggable=\"false\" src=\"https:\/\/s.w.org\/images\/core\/emoji\/16.0.1\/svg\/1fa78.svg\" alt=\"\ud83e\ude78\" \/> Presentaci\u00f3n:<\/strong> Botella de vidrio<\/span><br data-start=\"1225\" data-end=\"1228\" \/><span style=\"color: #333333;\"><strong data-start=\"1228\" data-end=\"1245\"><img decoding=\"async\" class=\"emoji\" role=\"img\" draggable=\"false\" src=\"https:\/\/s.w.org\/images\/core\/emoji\/16.0.1\/svg\/2696.svg\" alt=\"\u2696\ufe0f\" \/> Contenido:<\/strong> 355 ml \/ 750 ml<\/span><br data-start=\"1261\" data-end=\"1264\" \/><span style=\"color: #333333;\"><strong data-start=\"1264\" data-end=\"1277\"><img decoding=\"async\" class=\"emoji\" role=\"img\" draggable=\"false\" src=\"https:\/\/s.w.org\/images\/core\/emoji\/16.0.1\/svg\/1f315.svg\" alt=\"\ud83c\udf15\" \/> Color:<\/strong> Rojo brillante con reflejos dorados<\/span><\/p><p style=\"text-align: left;\" data-start=\"1322\" data-end=\"1613\"><span style=\"color: #333333;\">Gracias a su car\u00e1cter vibrante y especiado, <em data-start=\"1366\" data-end=\"1383\">Explosi\u00f3n Solar<\/em> resalta en maridajes contrastantes: tacos de cochinita, carnes al fuego, botanas picantes o postres con frutas tropicales. Tambi\u00e9n puede disfrutarse sola, bien fr\u00eda o en las rocas, en una tarde de calor o bajo una luna en llamas.<\/span><\/p>\t\t\t\t\t\t\t\t<\/div>\n\t\t\t\t<\/div>\n\t\t\t\t<\/div>\n\t\t<div class=\"elementor-element elementor-element-f11948f e-con-full e-flex e-con e-child\" data-id=\"f11948f\" data-element_type=\"container\" data-e-type=\"container\" data-settings=\"{&quot;_ha_eqh_enable&quot;:false}\">\n\t\t\t\t<div class=\"elementor-element elementor-element-e4ef7e5 elementor-invisible elementor-widget elementor-widget-image\" data-id=\"e4ef7e5\" data-element_type=\"widget\" data-e-type=\"widget\" data-settings=\"{&quot;_animation&quot;:&quot;fadeInRight&quot;}\" data-widget_type=\"image.default\">\n\t\t\t\t<div class=\"elementor-widget-container\">\n\t\t\t\t\t\t\t\t\t\t\t\t\t\t\t<img fetchpriority=\"high\" decoding=\"async\" width=\"683\" height=\"1024\" src=\"https:\/\/alienskaab.com\/wp-content\/uploads\/2025\/07\/EXPLOSION-SOLAR-BOTELLA-WEB-683x1024.png\" class=\"attachment-large size-large wp-image-2712\" alt=\"\" srcset=\"https:\/\/alienskaab.com\/wp-content\/uploads\/2025\/07\/EXPLOSION-SOLAR-BOTELLA-WEB-683x1024.png 683w, https:\/\/alienskaab.com\/wp-content\/uploads\/2025\/07\/EXPLOSION-SOLAR-BOTELLA-WEB-200x300.png 200w, https:\/\/alienskaab.com\/wp-content\/uploads\/2025\/07\/EXPLOSION-SOLAR-BOTELLA-WEB-768x1151.png 768w, https:\/\/alienskaab.com\/wp-content\/uploads\/2025\/07\/EXPLOSION-SOLAR-BOTELLA-WEB-1025x1536.png 1025w, https:\/\/alienskaab.com\/wp-content\/uploads\/2025\/07\/EXPLOSION-SOLAR-BOTELLA-WEB-600x899.png 600w, https:\/\/alienskaab.com\/wp-content\/uploads\/2025\/07\/EXPLOSION-SOLAR-BOTELLA-WEB.png 1082w\" sizes=\"(max-width: 683px) 100vw, 683px\" \/>\t\t\t\t\t\t\t\t\t\t\t\t\t\t\t<\/div>\n\t\t\t\t<\/div>\n\t\t\t\t<\/div>\n\t\t\t\t\t<\/div>\n\t\t\t\t<\/div>\n\t\t<div class=\"elementor-element elementor-element-fa95726 e-flex e-con-boxed elementor-invisible e-con e-parent\" data-id=\"fa95726\" data-element_type=\"container\" data-e-type=\"container\" data-settings=\"{&quot;animation&quot;:&quot;fadeInDown&quot;,&quot;_ha_eqh_enable&quot;:false}\">\n\t\t\t\t\t<div class=\"e-con-inner\">\n\t\t\t\t<div data-ha-element-link=\"{&quot;url&quot;:&quot;https:\\\/\\\/www.alienskaab.shop&quot;,&quot;is_external&quot;:&quot;&quot;,&quot;nofollow&quot;:&quot;&quot;}\" style=\"cursor: pointer\" class=\"elementor-element elementor-element-8faad93 elementor-button-info elementor-align-center elementor-widget elementor-widget-button\" data-id=\"8faad93\" data-element_type=\"widget\" data-e-type=\"widget\" data-widget_type=\"button.default\">\n\t\t\t\t<div class=\"elementor-widget-container\">\n\t\t\t\t\t\t\t\t\t<div class=\"elementor-button-wrapper\">\n\t\t\t\t\t<a class=\"elementor-button elementor-button-link elementor-size-sm\" href=\"https:\/\/listado.mercadolibre.com.mx\/_CustId_1294524978?item_id=MLM3596051634&#038;category_id=MLM185379&#038;seller_id=1294524978&#038;client=recoview-selleritems&#038;recos_listing=true#origin=upp&#038;component=sellerData&#038;typeSeller=classic\">\n\t\t\t\t\t\t<span class=\"elementor-button-content-wrapper\">\n\t\t\t\t\t\t\t\t\t<span class=\"elementor-button-text\">COMPRA AQU\u00cd<\/span>\n\t\t\t\t\t<\/span>\n\t\t\t\t\t<\/a>\n\t\t\t\t<\/div>\n\t\t\t\t\t\t\t\t<\/div>\n\t\t\t\t<\/div>\n\t\t\t\t\t<\/div>\n\t\t\t\t<\/div>\n\t\t<div class=\"elementor-element elementor-element-6063f2b e-flex e-con-boxed e-con e-parent\" data-id=\"6063f2b\" data-element_type=\"container\" data-e-type=\"container\" data-settings=\"{&quot;_ha_eqh_enable&quot;:false}\">\n\t\t\t\t\t<div class=\"e-con-inner\">\n\t\t\t\t<div class=\"elementor-element elementor-element-65875bf elementor-widget elementor-widget-spacer\" data-id=\"65875bf\" data-element_type=\"widget\" data-e-type=\"widget\" data-widget_type=\"spacer.default\">\n\t\t\t\t<div class=\"elementor-widget-container\">\n\t\t\t\t\t\t\t<div class=\"elementor-spacer\">\n\t\t\t<div class=\"elementor-spacer-inner\"><\/div>\n\t\t<\/div>\n\t\t\t\t\t\t<\/div>\n\t\t\t\t<\/div>\n\t\t\t\t\t<\/div>\n\t\t\t\t<\/div>\n\t\t<div class=\"elementor-element elementor-element-b911d41 e-flex e-con-boxed elementor-invisible e-con e-parent\" data-id=\"b911d41\" data-element_type=\"container\" data-e-type=\"container\" data-settings=\"{&quot;animation&quot;:&quot;fadeInDown&quot;,&quot;_ha_eqh_enable&quot;:false}\">\n\t\t\t\t\t<div class=\"e-con-inner\">\n\t\t\t\t<div data-ha-element-link=\"{&quot;url&quot;:&quot;https:\\\/\\\/www.alienskaab.shop&quot;,&quot;is_external&quot;:&quot;&quot;,&quot;nofollow&quot;:&quot;&quot;}\" style=\"cursor: pointer\" class=\"elementor-element elementor-element-da943d8 elementor-button-info elementor-align-center elementor-widget elementor-widget-button\" data-id=\"da943d8\" data-element_type=\"widget\" data-e-type=\"widget\" data-widget_type=\"button.default\">\n\t\t\t\t<div class=\"elementor-widget-container\">\n\t\t\t\t\t\t\t\t\t<div class=\"elementor-button-wrapper\">\n\t\t\t\t\t<a class=\"elementor-button elementor-button-link elementor-size-sm\" href=\"https:\/\/www.alienskaab.shop\">\n\t\t\t\t\t\t<span class=\"elementor-button-content-wrapper\">\n\t\t\t\t\t\t\t\t\t<span class=\"elementor-button-text\">DESCUBRE M\u00c1S SABORES<\/span>\n\t\t\t\t\t<\/span>\n\t\t\t\t\t<\/a>\n\t\t\t\t<\/div>\n\t\t\t\t\t\t\t\t<\/div>\n\t\t\t\t<\/div>\n\t\t\t\t\t<\/div>\n\t\t\t\t<\/div>\n\t\t\t\t<\/div>\n\t\t","protected":false},"excerpt":{"rendered":"<p>EXPLOSI\u00d3N SOLAR N\u00e9ctar que fusiona frutas, flores y luz Fermentada con levaduras salvajes y sin aplicar calor, esta hidromiel despierta gracias a la energ\u00eda de la selva maya. Cada ingrediente \u2014durazno maduro, flor de jamaica vibrante y chile guajillo\u2014 se integra desde el inicio del proceso, permitiendo una fermentaci\u00f3n conjunta que exalta su car\u00e1cter explosivo. [&hellip;]<\/p>\n","protected":false},"author":1,"featured_media":0,"parent":0,"menu_order":0,"comment_status":"closed","ping_status":"closed","template":"","meta":{"ngg_post_thumbnail":0,"footnotes":""},"class_list":["post-2699","page","type-page","status-publish","hentry"],"yoast_head":"<!-- This site is optimized with the Yoast SEO plugin v26.9 - https:\/\/yoast.com\/product\/yoast-seo-wordpress\/ -->\n<title>EXPLOSI\u00d3N SOLAR - Hidromiel Aliens Kaab<\/title>\n<meta name=\"robots\" content=\"index, follow, max-snippet:-1, max-image-preview:large, max-video-preview:-1\" \/>\n<link rel=\"canonical\" href=\"https:\/\/alienskaab.com\/index.php\/explosion-solar\/\" \/>\n<meta property=\"og:locale\" content=\"es_ES\" \/>\n<meta property=\"og:type\" content=\"article\" \/>\n<meta property=\"og:title\" content=\"EXPLOSI\u00d3N SOLAR - Hidromiel Aliens Kaab\" \/>\n<meta property=\"og:description\" content=\"EXPLOSI\u00d3N SOLAR N\u00e9ctar que fusiona frutas, flores y luz Fermentada con levaduras salvajes y sin aplicar calor, esta hidromiel despierta gracias a la energ\u00eda de la selva maya. Cada ingrediente \u2014durazno maduro, flor de jamaica vibrante y chile guajillo\u2014 se integra desde el inicio del proceso, permitiendo una fermentaci\u00f3n conjunta que exalta su car\u00e1cter explosivo. [&hellip;]\" \/>\n<meta property=\"og:url\" content=\"https:\/\/alienskaab.com\/index.php\/explosion-solar\/\" \/>\n<meta property=\"og:site_name\" content=\"Hidromiel Aliens Kaab\" \/>\n<meta property=\"article:publisher\" content=\"https:\/\/www.facebook.com\/AliensKaab\" \/>\n<meta property=\"article:modified_time\" content=\"2026-01-08T01:09:03+00:00\" \/>\n<meta property=\"og:image\" content=\"https:\/\/s.w.org\/images\/core\/emoji\/16.0.1\/svg\/1f4a7.svg\" \/>\n<meta name=\"twitter:card\" content=\"summary_large_image\" \/>\n<meta name=\"twitter:label1\" content=\"Tiempo de lectura\" \/>\n\t<meta name=\"twitter:data1\" content=\"4 minutos\" \/>\n<script type=\"application\/ld+json\" class=\"yoast-schema-graph\">{\"@context\":\"https:\/\/schema.org\",\"@graph\":[{\"@type\":\"WebPage\",\"@id\":\"https:\/\/alienskaab.com\/index.php\/explosion-solar\/\",\"url\":\"https:\/\/alienskaab.com\/index.php\/explosion-solar\/\",\"name\":\"EXPLOSI\u00d3N SOLAR - Hidromiel Aliens Kaab\",\"isPartOf\":{\"@id\":\"https:\/\/alienskaab.com\/#website\"},\"primaryImageOfPage\":{\"@id\":\"https:\/\/alienskaab.com\/index.php\/explosion-solar\/#primaryimage\"},\"image\":{\"@id\":\"https:\/\/alienskaab.com\/index.php\/explosion-solar\/#primaryimage\"},\"thumbnailUrl\":\"https:\/\/s.w.org\/images\/core\/emoji\/16.0.1\/svg\/1f4a7.svg\",\"datePublished\":\"2025-07-25T00:53:58+00:00\",\"dateModified\":\"2026-01-08T01:09:03+00:00\",\"breadcrumb\":{\"@id\":\"https:\/\/alienskaab.com\/index.php\/explosion-solar\/#breadcrumb\"},\"inLanguage\":\"es\",\"potentialAction\":[{\"@type\":\"ReadAction\",\"target\":[\"https:\/\/alienskaab.com\/index.php\/explosion-solar\/\"]}]},{\"@type\":\"ImageObject\",\"inLanguage\":\"es\",\"@id\":\"https:\/\/alienskaab.com\/index.php\/explosion-solar\/#primaryimage\",\"url\":\"https:\/\/s.w.org\/images\/core\/emoji\/16.0.1\/svg\/1f4a7.svg\",\"contentUrl\":\"https:\/\/s.w.org\/images\/core\/emoji\/16.0.1\/svg\/1f4a7.svg\"},{\"@type\":\"BreadcrumbList\",\"@id\":\"https:\/\/alienskaab.com\/index.php\/explosion-solar\/#breadcrumb\",\"itemListElement\":[{\"@type\":\"ListItem\",\"position\":1,\"name\":\"Portada\",\"item\":\"https:\/\/alienskaab.com\/\"},{\"@type\":\"ListItem\",\"position\":2,\"name\":\"EXPLOSI\u00d3N SOLAR\"}]},{\"@type\":\"WebSite\",\"@id\":\"https:\/\/alienskaab.com\/#website\",\"url\":\"https:\/\/alienskaab.com\/\",\"name\":\"Hidromiel Aliens Kaab\",\"description\":\"Hidromiel Artesanal mexicana\",\"publisher\":{\"@id\":\"https:\/\/alienskaab.com\/#organization\"},\"potentialAction\":[{\"@type\":\"SearchAction\",\"target\":{\"@type\":\"EntryPoint\",\"urlTemplate\":\"https:\/\/alienskaab.com\/?s={search_term_string}\"},\"query-input\":{\"@type\":\"PropertyValueSpecification\",\"valueRequired\":true,\"valueName\":\"search_term_string\"}}],\"inLanguage\":\"es\"},{\"@type\":\"Organization\",\"@id\":\"https:\/\/alienskaab.com\/#organization\",\"name\":\"Hidromiel Aliens Kaab\",\"url\":\"https:\/\/alienskaab.com\/\",\"logo\":{\"@type\":\"ImageObject\",\"inLanguage\":\"es\",\"@id\":\"https:\/\/alienskaab.com\/#\/schema\/logo\/image\/\",\"url\":\"https:\/\/alienskaab.com\/wp-content\/uploads\/2023\/01\/Hidromiel-Aliens-Kaab.png\",\"contentUrl\":\"https:\/\/alienskaab.com\/wp-content\/uploads\/2023\/01\/Hidromiel-Aliens-Kaab.png\",\"width\":561,\"height\":752,\"caption\":\"Hidromiel Aliens Kaab\"},\"image\":{\"@id\":\"https:\/\/alienskaab.com\/#\/schema\/logo\/image\/\"},\"sameAs\":[\"https:\/\/www.facebook.com\/AliensKaab\",\"https:\/\/instagram.com\/alienskaab\"]}]}<\/script>\n<!-- \/ Yoast SEO plugin. -->","yoast_head_json":{"title":"EXPLOSI\u00d3N SOLAR - Hidromiel Aliens Kaab","robots":{"index":"index","follow":"follow","max-snippet":"max-snippet:-1","max-image-preview":"max-image-preview:large","max-video-preview":"max-video-preview:-1"},"canonical":"https:\/\/alienskaab.com\/index.php\/explosion-solar\/","og_locale":"es_ES","og_type":"article","og_title":"EXPLOSI\u00d3N SOLAR - Hidromiel Aliens Kaab","og_description":"EXPLOSI\u00d3N SOLAR N\u00e9ctar que fusiona frutas, flores y luz Fermentada con levaduras salvajes y sin aplicar calor, esta hidromiel despierta gracias a la energ\u00eda de la selva maya. Cada ingrediente \u2014durazno maduro, flor de jamaica vibrante y chile guajillo\u2014 se integra desde el inicio del proceso, permitiendo una fermentaci\u00f3n conjunta que exalta su car\u00e1cter explosivo. [&hellip;]","og_url":"https:\/\/alienskaab.com\/index.php\/explosion-solar\/","og_site_name":"Hidromiel Aliens Kaab","article_publisher":"https:\/\/www.facebook.com\/AliensKaab","article_modified_time":"2026-01-08T01:09:03+00:00","og_image":[{"url":"https:\/\/s.w.org\/images\/core\/emoji\/16.0.1\/svg\/1f4a7.svg","type":"","width":"","height":""}],"twitter_card":"summary_large_image","twitter_misc":{"Tiempo de lectura":"4 minutos"},"schema":{"@context":"https:\/\/schema.org","@graph":[{"@type":"WebPage","@id":"https:\/\/alienskaab.com\/index.php\/explosion-solar\/","url":"https:\/\/alienskaab.com\/index.php\/explosion-solar\/","name":"EXPLOSI\u00d3N SOLAR - Hidromiel Aliens Kaab","isPartOf":{"@id":"https:\/\/alienskaab.com\/#website"},"primaryImageOfPage":{"@id":"https:\/\/alienskaab.com\/index.php\/explosion-solar\/#primaryimage"},"image":{"@id":"https:\/\/alienskaab.com\/index.php\/explosion-solar\/#primaryimage"},"thumbnailUrl":"https:\/\/s.w.org\/images\/core\/emoji\/16.0.1\/svg\/1f4a7.svg","datePublished":"2025-07-25T00:53:58+00:00","dateModified":"2026-01-08T01:09:03+00:00","breadcrumb":{"@id":"https:\/\/alienskaab.com\/index.php\/explosion-solar\/#breadcrumb"},"inLanguage":"es","potentialAction":[{"@type":"ReadAction","target":["https:\/\/alienskaab.com\/index.php\/explosion-solar\/"]}]},{"@type":"ImageObject","inLanguage":"es","@id":"https:\/\/alienskaab.com\/index.php\/explosion-solar\/#primaryimage","url":"https:\/\/s.w.org\/images\/core\/emoji\/16.0.1\/svg\/1f4a7.svg","contentUrl":"https:\/\/s.w.org\/images\/core\/emoji\/16.0.1\/svg\/1f4a7.svg"},{"@type":"BreadcrumbList","@id":"https:\/\/alienskaab.com\/index.php\/explosion-solar\/#breadcrumb","itemListElement":[{"@type":"ListItem","position":1,"name":"Portada","item":"https:\/\/alienskaab.com\/"},{"@type":"ListItem","position":2,"name":"EXPLOSI\u00d3N SOLAR"}]},{"@type":"WebSite","@id":"https:\/\/alienskaab.com\/#website","url":"https:\/\/alienskaab.com\/","name":"Hidromiel Aliens Kaab","description":"Hidromiel Artesanal mexicana","publisher":{"@id":"https:\/\/alienskaab.com\/#organization"},"potentialAction":[{"@type":"SearchAction","target":{"@type":"EntryPoint","urlTemplate":"https:\/\/alienskaab.com\/?s={search_term_string}"},"query-input":{"@type":"PropertyValueSpecification","valueRequired":true,"valueName":"search_term_string"}}],"inLanguage":"es"},{"@type":"Organization","@id":"https:\/\/alienskaab.com\/#organization","name":"Hidromiel Aliens Kaab","url":"https:\/\/alienskaab.com\/","logo":{"@type":"ImageObject","inLanguage":"es","@id":"https:\/\/alienskaab.com\/#\/schema\/logo\/image\/","url":"https:\/\/alienskaab.com\/wp-content\/uploads\/2023\/01\/Hidromiel-Aliens-Kaab.png","contentUrl":"https:\/\/alienskaab.com\/wp-content\/uploads\/2023\/01\/Hidromiel-Aliens-Kaab.png","width":561,"height":752,"caption":"Hidromiel Aliens Kaab"},"image":{"@id":"https:\/\/alienskaab.com\/#\/schema\/logo\/image\/"},"sameAs":["https:\/\/www.facebook.com\/AliensKaab","https:\/\/instagram.com\/alienskaab"]}]}},"_links":{"self":[{"href":"https:\/\/alienskaab.com\/index.php\/wp-json\/wp\/v2\/pages\/2699","targetHints":{"allow":["GET"]}}],"collection":[{"href":"https:\/\/alienskaab.com\/index.php\/wp-json\/wp\/v2\/pages"}],"about":[{"href":"https:\/\/alienskaab.com\/index.php\/wp-json\/wp\/v2\/types\/page"}],"author":[{"embeddable":true,"href":"https:\/\/alienskaab.com\/index.php\/wp-json\/wp\/v2\/users\/1"}],"replies":[{"embeddable":true,"href":"https:\/\/alienskaab.com\/index.php\/wp-json\/wp\/v2\/comments?post=2699"}],"version-history":[{"count":10,"href":"https:\/\/alienskaab.com\/index.php\/wp-json\/wp\/v2\/pages\/2699\/revisions"}],"predecessor-version":[{"id":2825,"href":"https:\/\/alienskaab.com\/index.php\/wp-json\/wp\/v2\/pages\/2699\/revisions\/2825"}],"wp:attachment":[{"href":"https:\/\/alienskaab.com\/index.php\/wp-json\/wp\/v2\/media?parent=2699"}],"curies":[{"name":"wp","href":"https:\/\/api.w.org\/{rel}","templated":true}]}}